6. Is r prime?
False
Let s(i) be the third derivative of 187*i**4/12 + i**3/2 + 17*i**2. Suppose 3*o + 3*x - 9 = 0, 7*o - x - 9 = 5*o. Is s(o) a composite number?
False
Suppose 4 + 1 = 5*a, -h - a + 14105 = 0. Let k = 38697 - h. Is k prime?
True
Let t(a) = a**2 + 12*a + 12. Suppose -4*u - 2*c - 46 = 0, -5 + 1 = 4*c. Let z be t(u). Is 3/z + (-10 - -198) prime?
True
Let p = -29762 + 46163. Suppose 3*d + 1727 = g + 50920, 0 = -d + 2*g + p. Is d a composite number?
True
Suppose 289054 = 3*b - d, -9*b - 2*d = -4*b - 481775. Suppose -12*m + 7531 = -b. Is m a prime number?
False
Let a(r) = -r**3 - 6*r**2 + 7*r + 6. Let p be a(-7). Suppose -3290 = -p*n + 4264. Is n composite?
False
Let o = 443434 - 60435. Is o a composite number?
False
Suppose -3*w = 5*g - 642239, 3*g + 27936 - 413275 = -4*w. Is g a composite number?
False
Suppose 2*g - 37673 = -2*k + 48619, -129398 = -3*g + 5*k. Suppose -570*z = -577*z + g. Is z a composite number?
False
Suppose 2*m - 5*f + 4*f - 46801 = 0, -4*f = 5*m - 116983. Suppose 3*g + 5*d = m, -3*d = g - 3*g + 15574. Is g prime?
True
Let k = 1810 - 2955. Suppose 4*z - 2251 - 413 = -u, 0 = 4*u - 5*z - 10740. Let s = k + u. Is s a prime number?
False
Let l(p) = 23866*p**3 + 2*p**2 - 15*p + 14. Let m be l(1). Suppose 2*u + 16*g - 12*g - 15918 = 0, m = 3*u + 4*g. Is u composite?
False
Let m(z) = -249*z + 15. Let v(o) = -166*o + 10. Let k(u) = 5*m(u) - 7*v(u). Let q be (-4 + 6)*(3 + -5). Is k(q) a prime number?
True
Suppose -2*i + 2*b = -84, 0 = -i - 5*b + 12. Let d(l) = -i - 13 - 17*l + 7 - 115*l. Is d(-10) a prime number?
True
Suppose -1084*o + 680070 = -1074*o. Is o a prime number?
False
Let i = -1704 + 3770. Let y = i - 949. Is y a composite number?
False
Suppose 18*v - 2420 + 386 = 0. Suppose 0 = 4*r - 12, -116*t - r + 61170 = -v*t. Is t a composite number?
False
Suppose 6611 = 2*r + 1947. Suppose 472*q - 469*q = 15. Suppose q*i - i - r = 0. Is i a prime number?
False
Let t be 2/(-7) + 0 - (-46)/14. Let o be (t - -23)*(-452)/(-8). Let h = 2406 - o. Is h a composite number?
False
Let t = -5937 - -123554. Is t prime?
True
Let s(g) = 6741*g**2 - 230*g - 1891. Is s(-8) a prime number?
False
Suppose -24*r + 29*r - 2*n - 137457 = 0, 109961 = 4*r + 3*n. Is r composite?
True
Suppose -l = -4*l + b + 5, -l = -2*b. Let g be (47/l)/((-13)/(-962)). Suppose 3*a = g - 260. Is a a composite number?
True
Suppose 6 = 3*s, 105*p - 118*p + 3142615 = 4*s. Is p composite?
False
Let l be 14*(1 - -4)*2/5. Suppose -l = 2*c - 100. Suppose -537 = -c*n + 35*n. Is n a composite number?
True
Suppose 2*b = 167 - 61. Suppose 0*a = 3*a + 3*s - 33, 5*a = -3*s + b. Is (-3)/(18/(-340)) - a/(-30) a composite number?
True
Suppose -5*x + 3640 + 45315 = 0. Let q = 26550 - x. Is q prime?
True
Let a = -723940 + 1304271. Is a a prime number?
True
Let u(c) be the third derivative of -5*c**4/24 - 11*c**3/6 + 2*c**2. Let y be u(-5). Suppose y*x - 6*x - 2840 = 0. Is x composite?
True
Suppose 0 = 5*b + 5*b + 7790. Let u = b - -3688. Suppose -5*c - 224 = -u. Is c composite?
True
Is -403311*18/(-54)*(2 + -1) composite?
False
Let s(d) = -4*d**3 + 10*d**2 + 4*d + 7. Suppose -5*n = -13 + 63. Is s(n) a prime number?
True
Is 1 - 21 - 15326520/(-40) a composite number?
False
Suppose 17*j + 4772 = 20531. Suppose -2*u + 5*c + j = 0, -2*u + 6*u - 4*c = 1872. Is u composite?
True
Suppose -t - 21 = -2105. Suppose 3*y - t = -4*b, 2*y = -2*y. Is b a composite number?
False
Is ((6/4)/((-621)/276))/(4/(-6812178)) composite?
False
Let m(c) = 7113*c**2 + 38*c + 94. Is m(-3) prime?
True
Suppose -4*h = 4*a - 28, -11*h = a - 14*h + 5. Suppose 0 = -5*l + a*t + 26620 + 54195, 4*t = l - 16163. Is l composite?
True
Let b(f) = 1374*f + 13. Let m = -280 - -282. Is b(m) a composite number?
True
Suppose 30*t + 49*t - 192088 = -25*t. Is t a prime number?
True
Suppose 0 = 5*o + 25, -3*o - 222 = -4*z - 971. Let i be 29117/66 - (-15)/18. Let x = z + i. Is x a composite number?
False
Suppose j + 2*r = 0, -8 + 6 = r. Suppose 4*z - u - u - 30000 = 0, -2*z + j*u = -15006. Is z composite?
False
Let p(x) = -2*x + 23. Let s be p(8). Let m be ((-24)/30)/((-6)/45). Suppose -m*z - 109 = -s*z. Is z composite?
False
Suppose 5*q - 6*q - 9 = 0. Is (-9843)/(-12) - 2*q/24 a prime number?
True
Suppose -6*h = -7*h. Suppose -w - w + 526 = h. Let p = -174 + w. Is p composite?
False
Is 14007638/(-87)*(-15)/10 a composite number?
False
Let v(p) = 936*p**2 - 95. Is v(-7) composite?
True
Let o(u) = 3*u**2 - 5*u - 65. Let c(d) = 11*d**2 - 19*d - 259. Let l(q) = -2*c(q) + 9*o(q). Is l(27) a prime number?
True
Is (-128)/384 + ((-6147048)/(-9) - 2) prime?
True
Let w(h) = 39*h**2 + 1075*h + 47. Is w(-39) composite?
True
Let l = -1313 - -3305. Let p = l - 1231. Is p a composite number?
False
Suppose -2*a + 1717 = -4*p - 719, -2*p = -4*a + 4896. Is a a composite number?
True
Suppose -5*x + 5 = 5*i, i - 8 - 9 = 3*x. Let t = -219 - -218. Is ((-5)/i)/t + 238 a prime number?
True
Let w(l) be the first derivative of -l**2/2 + 88*l + 63. Is w(-43) prime?
True
Suppose 0 = -4*l - 20, 5*n - 40 + 5 = 4*l. Let h(r) = -25 + 147 - 2*r + 4*r**2 - 6*r**2 + n*r**2. Is h(0) a composite number?
True
Suppose -2*o = 3*j - 20, 0*o + 5*j - 24 = -2*o. Let q(u) = -u**3 + 6*u**2 + 7*u + 6. Let p be q(o). Suppose p*x = 9*x - 921. Is x a composite number?
False
Suppose 7*j = 15*j - 6*j, -2*n = 5*j - 2868598. Is n a prime number?
False
Suppose 96 = -12*g + 20*g. Suppose -11*d + g = -5*d. Suppose 0 = d*a - 0*a - h - 894, -2*h = -8. Is a a composite number?
False
Let l be (-80)/44 + 2 + 670/(-55). Is 176 + (1*7 - (l + 16)) a composite number?
False
Let n(w) = w**2 + 9*w - 13. Let b be n(-10). Let x be 133/(-21) + 7 - 15814/b. Let y = x + -3227. Is y composite?
True
Let o(w) = 1651*w - 160. Let l be o(10). Is 6 + 56/(-8) + l composite?
False
Let h(j) = 5906 - j**3 - j + 22086 + 0*j**3 - 5583. Is h(0) prime?
True
Suppose 330049 = 75*a - 1679063 - 1206063. Is a prime?
False
Let s be 5 - 15/6*40. Let w = 62 - s. Is w a prime number?
True
Suppose 980589 = 90*a - 6036081. Is a a prime number?
False
Suppose 211*l = 216*l + 75. Let h = l - -62. Is h composite?
False
Let h(y) be the third derivative of 1141*y**5/20 - y**4/2 + 5*y**3/2 - 259*y**2. Is h(2) prime?
False
Let o be 2*(-27)/63*28/8. Suppose q - 4 = -g, 3*q - 11 = -q - 3*g. Is q + (60 - o) - 1*3 a composite number?
False
Suppose 3956345 = 128*y - 13*y. Is y composite?
False
Is (-5437236)/(-36) - (0 + 24/18) composite?
True
Suppose 5*q + 3*p = 1630, q + 3*q - 1282 = 2*p. Suppose 20*x - 48*x + 2016 = 0. Let a = q - x. Is a composite?
False
Is 442976 + -12 + 10 + -17 composite?
True
Let h(c) = c**2 - 23*c + 76. Let s be h(19). Suppose 6*z + 10*z - 329488 = s. Is z prime?
True
Let y(n) be the third derivative of -3*n**6/40 + n**5/60 + n**4/24 - 5*n**3/3 - 3*n**2. Let p be y(-3). Suppose 334 + p = z. Is z composite?
True
Suppose 5*p = 2*h - 0*p - 9721, p = 3*h - 14614. Is h a prime number?
False
Let o be (1/12*4)/(1/11283). Let i = o - -17912. Is i composite?
False
Suppose -k = -2*t + 1, -3*k + 3*t - 5*t + 13 = 0. Suppose 4*x = 5*u - 7693, -3*u + 4603 = x + k*x. Is u prime?
False
Let b(l) = -509*l**3 + 52*l**2 - 5*l + 41. Is b(-12) prime?
True
Let h(j) = 234*j**3 - 3*j**2 - 29*j + 14. Let s be h(6). Suppose -153*n + 149*n = -s. Is n composite?
False
Let d = 333 - -6401. Is (-3 + (-2 - -6))*(d + 3) a prime number?
True
Let q = -164 + 168. Suppose q*a = 2899 + 745. Is a a prime number?
True
Let j = -7269 + 161108. Is j a prime number?
False
Let c(u) = 9*u - 14. Let r be c(2). Suppose -3*i + 7066 + 2407 = 2*l, 3139 = i - r*l. Is i prime?
False
Suppose 4*n + 6*t = t - 23, t + 3 = 0. Is ((-4 - -4) + n)*(-708)/8 prime?
False
Let x(l) = -l**3 + 6*l**2 + 28*l - 74. Is x(-19) prime?
True
Let v be 44456/1*(5/2 - 2). Suppose -d = 3*d - 5*j - v, -5557 = -d - 2*j. Is d prime?
True
Let g be (0 + 264)/((-70)/90 + 1). Let y = g - 743. Is y a composite number?
True
Suppose -49*f + 52*f - 3*s - 740670 = 0, f - 2*s = 246891. Is f composite?
False
Let a(u) = -8*u**2 + u - 2. Let r be a(-11). Let d = r - -2258. Is d prime?
True
Suppose 8*q = 1462193 - 287257. Is q a prime number?
False
Is 715/(-26)*-3169 + (-39)/(-26) composite?
False
Let q(z) = z**3 + 26*z**2 - 30. Let j be q(-20). Let d = j + -1219. Is d prime?
True
Suppose 0 = -5*p + 